True
Is 1377 a multiple of 9?
True
Is 7 a factor of 2501?
False
Does 182 divide 10893?
False
Is 13 a factor of 104?
True
Does 15 divide 25052?
False
Does 34 divide 1328?
False
Is 16 a factor of 1307?
False
Is 2451 a multiple of 8?
False
Is 5076 a multiple of 27?
True
Is 1396 a multiple of 4?
True
Is 77 a factor of 35715?
False
Is 11 a factor of 14402?
False
Is 52665 a multiple of 213?
False
Is 7 a factor of 9177?
True
Is 1316 a multiple of 15?
False
Is 1064 a multiple of 14?
True
Is 16982 a multiple of 50?
False
Does 40 divide 8280?
True
Does 17 divide 457?
False
Does 12 divide 1418?
False
Does 12 divide 6259?
False
Does 82 divide 13284?
True
Is 25 a factor of 153?
False
Does 12 divide 36384?
True
Does 4 divide 347?
False
Does 6 divide 1768?
False
Is 334 a multiple of 15?
False
Does 13 divide 414?
False
Is 11115 a multiple of 7?
False
Is 12 a factor of 144?
True
Is 17505 a multiple of 45?
True
Is 18 a factor of 2826?
True
Is 9 a factor of 353?
False
Does 11 divide 101937?
True
Is 90 a factor of 2700?
True
Does 298 divide 83270?
False
Is 9 a factor of 1845?
True
Is 31447 a multiple of 37?
False
Does 16 divide 25296?
True
Does 8 divide 169?
False
Is 20367 a multiple of 219?
True
Does 69 divide 4554?
True
Is 27 a factor of 711?
False
Is 7 a factor of 637?
True
Is 628 a multiple of 7?
False
Is 87040 a multiple of 81?
False
Is 4530 a multiple of 10?
True
Is 9 a factor of 1874?
False
Is 1296 a multiple of 45?
False
Is 3 a factor of 196?
False
Does 18 divide 846?
True
Is 3124 a multiple of 142?
True
Is 93873 a multiple of 76?
False
Is 51 a factor of 795?
False
Is 6915 a multiple of 15?
True
Is 4111 a multiple of 52?
False
Is 23715 a multiple of 9?
True
Does 8 divide 809?
False
Does 39 divide 15917?
False
Is 14 a factor of 32214?
True
Is 118 a factor of 3040?
False
Is 30 a factor of 770?
False
Is 250 a factor of 3250?
True
Is 5 a factor of 435?
True
Does 3 divide 567?
True
Is 13 a factor of 8326?
False
Is 22604 a multiple of 127?
False
Is 5040 a multiple of 28?
True
Does 16 divide 4144?
True
Is 76 a factor of 44384?
True
Does 113 divide 6893?
True
Is 1353 a multiple of 21?
False
Does 8 divide 419?
False
Is 12 a factor of 13488?
True
Is 66 a factor of 956?
False
Is 20 a factor of 1220?
True
Is 24 a factor of 768?
True
Is 163 a factor of 990?
False
Does 3 divide 205?
False
Is 4479 a multiple of 8?
False
Does 46 divide 12389?
False
Is 5166 a multiple of 41?
True
Is 119 a factor of 4165?
True
Is 50 a multiple of 3?
False
Is 16992 a multiple of 12?
True
Is 2646 a multiple of 63?
True
Does 169 divide 1273?
False
Does 10 divide 26410?
True
Is 6 a factor of 642?
True
Is 172 a factor of 56627?
False
Does 3 divide 381?
True
Is 43 a factor of 8299?
True
Does 79 divide 1738?
True
Is 1911 a multiple of 13?
True
Is 806 a multiple of 21?
False
Does 127 divide 563?
False
Is 58482 a multiple of 23?
False
Is 327 a factor of 48723?
True
Is 11 a factor of 2420?
True
Is 311 a multiple of 3?
False
Does 14 divide 2702?
True
Is 77 a factor of 524?
False
Is 6838 a multiple of 10?
False
Is 2613 a multiple of 7?
False
Is 198 a multiple of 9?
True
Is 98 a factor of 12544?
True
Is 11488 a multiple of 31?
False
Is 8 a factor of 2965?
False
Is 115 a factor of 46653?
False
Does 218 divide 88944?
True
Is 36 a factor of 18855?
False
Does 3 divide 849?
True
Is 12391 a multiple of 13?
False
Does 8 divide 16945?
False
Is 215 a factor of 15268?
False
Is 61 a factor of 594?
False
Is 74222 a multiple of 34?
True
Is 4 a factor of 1161?
False
Is 2097 a multiple of 16?
False
Is 22206 a multiple of 177?
False
Does 216 divide 5400?
True
Does 66 divide 2244?
True
Is 3 a factor of 91?
False
Is 2 a factor of 4493?
False
Is 48 a factor of 1349?
False
Is 23 a factor of 1587?
True
Is 720 a multiple of 72?
True
Does 2 divide 3843?
False
Does 58 divide 12055?
False
Is 21 a factor of 7647?
False
Does 5 divide 1336?
False
Does 11 divide 979?
True
Does 127 divide 5334?
True
Does 52 divide 43524?
True
Is 1649 a multiple of 97?
True
Is 17220 a multiple of 10?
True
Is 26 a factor of 6838?
True
Does 28 divide 1259?
False
Is 9498 a multiple of 55?
False
Is 7935 a multiple of 210?
False
Is 20 a factor of 3980?
True
Does 26 divide 520?
True
Does 25 divide 575?
True
Is 197 a multiple of 72?
False
Is 9 a factor of 1751?
False
Is 15 a factor of 976?
False
Is 9628 a multiple of 4?
True
Is 6453 a multiple of 27?
True
Is 8673 a multiple of 18?
False
Is 57369 a multiple of 158?
False
Is 200 a multiple of 20?
True
Is 158 a factor of 400?
False
Is 16 a factor of 7744?
True
Is 15751 a multiple of 35?
False
Is 26 a factor of 2768?
False
Is 17 a factor of 3808?
True
Is 484 a multiple of 11?
True
Does 12 divide 1536?
True
Is 3 a factor of 13444?
False
Is 18 a factor of 57?
False
Is 9 a factor of 4187?
False
Does 32 divide 27631?
False
Is 570 a multiple of 30?
True
Is 678 a multiple of 5?
False
Is 90 a multiple of 30?
True
Is 27698 a multiple of 27?
False
Is 30 a factor of 1350?
True
Does 49 divide 869?
False
Is 10 a factor of 45833?
False
Is 31 a factor of 808?
False
Is 66 a factor of 8646?
True
Is 19 a factor of 1182?
False
Is 3108 a multiple of 12?
True
Is 3976 a multiple of 5?
False
Is 75 a factor of 1350?
True
Is 242 a multiple of 23?
False
Is 527 a multiple of 17?
True
Is 89 a factor of 267?
True
Is 372 a multiple of 3?
True
Does 64 divide 7296?
True
Does 10 divide 576?
False
Does 4 divide 2101?
False
Is 497 a multiple of 29?
False
Does 30 divide 771?
False
Does 41 divide 1025?
True
Is 20 a factor of 12600?
True
Is 29 a factor of 6558?
False
Is 1349 a multiple of 6?
False
Is 139 a factor of 7978?
False
Is 8328 a multiple of 14?
False
Is 2007 a multiple of 17?
False
Is 9720 a multiple of 40?
True
Does 23 divide 6272?
False
Is 98 a factor of 5110?
False
Is 4756 a multiple of 41?
True
Does 65 divide 650?
True
Is 3507 a multiple of 10?
False
Is 49 a factor of 385?
False
Is 9344 a multiple of 8?
True
Is 38 a factor of 2584?
True
Is 9 a factor of 1944?
True
Does 47 divide 8554?
True
Is 34 a factor of 30497?
False
Is 307 a multiple of 29?
False
Does 107 divide 107?
True
Is 5102 a multiple of 236?
False
Is 79440 a multiple of 240?
True
Is 13452 a multiple of 137?
False
Is 1275 a multiple of 17?
True
Is 13 a factor of 6960?
False
Is 83 a factor of 44120?
False
Is 13 a factor of 1495?
True
Is 13 a factor of 2680?
False
Is 13 a factor of 17355?
True
Is 73 a factor of 11315?
True
Does 18 divide 18787?
False
Is 950 a multiple of 25?
True
Does 3 divide 6633?
True
Is 3515 a multiple of 21?
False
Does 15 divide 96045?
True
Does 15 divide 660?
True
Is 45 a factor of 1080?
True
Is 8 a factor of 62763?
False
Is 33 a factor of 1242?
False
Does 22 divide 396?
True
Is 5614 a multiple of 9?
False
Is 243 a multiple of 2?
False
Is 979 a multiple of 11?
True
Is 1176 a multiple of 28?
True
Does 12 divide 624?
True
Does 11 divide 6677?
True
Is 12 a factor of 3399?
False
Is 32 a factor of 911?
False
Is 2 a factor of 67?
False
Is 12502 a multiple of 32?
False
Does 29 divide 7497?
False
Is 65 a factor of 130845?
True
Does 14 divide 364?
True
Does 12 divide 6504?
True
Does 11 divide 3322?
True
Is 5 a factor of 1185?
True
Is 97888 a multiple of 184?
True
Does 2 divide 1080?
True
Is 26936 a multiple of 14?
True
Does 99 divide 6930?
True
Is 267 a multiple of 74?
False
Is 340 a multiple of 8?
False
Is 1368 a multiple of 21?
False
Is 6 a factor of 12270?
True
Is 794 a multiple of 38?
False
Does 8 divide 757?
False
Is 2380 a multiple of 85?
True
Is 12 a factor of 7152?
True
Does 23 divide 83030?
True
Is 44 a factor of 4963?
False
Does 123 divide 2583?
True
Does 24 divide 24672?
True
Is 2127 a multiple of 61?
False
Is 19 a factor of 10697?
True
Does 90 divide 30780?
True
Is 63 a factor of 23203?
False
Is 6 a factor of 275?
False
Does 20 divide 7255?
False
Is 270 a multiple of 30?
True
Does 126 divide 2898?
True
Is 77 a factor of 89474?
True
Is 277 a multiple of 6?
False
Is 191 a factor of 95882?
True
Is 27 a factor of 351?
True
Is 2180 a multiple of 35?
False
Does 4 divide 1604?
True
Is 3652 a multiple of 22?
True
Is 65565 a multiple of 15?
True
Is 9 a factor of 144?
True
Does 92 divide 2082?
False
Does 16 divide 1084?
False
Is 28 a factor of 4779?
False
Is 930 a multiple of 74?
False
Is 4577 a multiple of 142?
False
Does 16 divide 17792?
True
Is 48 a fa